{"id":21,"date":"2021-10-26T07:59:46","date_gmt":"2021-10-26T07:59:46","guid":{"rendered":"https:\/\/psplubienia.eu\/?page_id=21"},"modified":"2021-10-26T08:00:15","modified_gmt":"2021-10-26T08:00:15","slug":"historia","status":"publish","type":"page","link":"https:\/\/psplubienia.eu\/?page_id=21","title":{"rendered":"Historia"},"content":{"rendered":"\n<p>Historia szko\u0142y w Lubieni opracowana przez mgr Beat\u0119 Kuter\u0119<\/p>\n\n\n\n<p><strong>LATA 1918-1932<\/strong><br>Na pocz\u0105tku XX wieku Lubienia to ma\u0142a wie\u015b le\u017c\u0105ca na ziemiach powiatu i\u0142\u017ceckiego w wojew\u00f3dztwie kieleckim, kt\u00f3re administracyjnie zwi\u0105zane by\u0142o z okr\u0119giem szkolnym warszawskim, a w 1927 r. w\u0142\u0105czone do okr\u0119gu szkolnego krakowskiego. W\u0142adz\u0105 szkoln\u0105 I instancji by\u0142 Inspektor Szkolny w Wierzbniku, a od 1935 r. po reorganizacji powiat\u00f3w Inspektor Szkolny w Ostrowcu.<br>Wie\u015b le\u017ca\u0142a w obr\u0119bie Gminy Styk\u00f3w. Szko\u0142a w Lubieni podlega\u0142a dozorowi szkolnemu gminy Styk\u00f3w w Wierzbniku.<br>Szko\u0142a w ta powsta\u0142a jako szko\u0142a jednoklasowa z jednym nauczycielem. Obowi\u0105zywa\u0142a w niej siedmioletnia nauka w czterech oddzia\u0142ach. Po tym okresie dziecko mia\u0142o uko\u0144czone 4 klasy (oddzia\u0142 I i II by\u0142y jednoroczne, oddzia\u0142 III &#8211; dwuletni, a oddzia\u0142 IV &#8211; trzyletni).<br>W roku szkolnym 1925\/1926 do szko\u0142y w Lubieni ucz\u0119szcza\u0142o 98 uczni\u00f3w. Mimo tak licznej grupy dzieci szko\u0142a dalej by\u0142a jedno-klasowa z jednym nauczycielem.<br>5 sierpnia 1927 r. Inspektor Szkolny w Wierzbniku zatwierdzi\u0142 organizacj\u0119 2 &#8211; klasowej publicznej Szko\u0142y Powszechnej w Lubieni. Od tej pory uczniowie w ci\u0105gu siedmiu lat nauki ko\u0144czyli 5 oddzia\u0142\u00f3w (oddzia\u0142y IV i V by\u0142y dwuletnie), uczy\u0142o dw\u00f3ch nauczycieli.<br>W sierpniu 1929 r. Inspektor Szkolny w Wierzbniku podwy\u017cszy\u0142 stopie\u0144 organizacyjny szko\u0142y. Zatwierdzi\u0142 3 &#8211; klasow\u0105 szko\u0142\u0119 powszechn\u0105, w kt\u00f3rej uczy\u0142o ju\u017c trzech nauczycieli, a oddzia\u0142y by\u0142y \u0142\u0105czone: I z II, III z IV, V i VI z VII. Ka\u017cdy odzia\u0142 by\u0142 jednoroczny, a dzieci w ci\u0105gu 7 lat nauki ko\u0144czy\u0142y 7 klas. Z czasem, ze wzgl\u0119du na du\u017c\u0105 grup\u0119 dzieci w klasie I i II, odzia\u0142y te uczy\u0142y si\u0119 oddzielnie w skr\u00f3conym wymiarze godzin.<br>W 1930 r. zmieniono stopie\u0144 organizacyjny szko\u0142y z 3 na 4 &#8211; klasow\u0105. We wrze\u015bniu 1930 r. szko\u0142a otrzyma\u0142a wydane przez Kuratorium Okr\u0119gu szkolnego Krakowskiego &#8222;Orzeczenie w sprawie organizacji 4 -klasowej Szko\u0142y Powszechnej w Lubieni\u201d. Podwy\u017cszenie stopnia organizacyjnego nie zmieni\u0142o stanu zatrudnienia. W szkole przez kolejnych 5 lat uczy\u0142o tylko 3 nauczycieli, przy liczbie ponad 200 uczni\u00f3w. Mimo, i\u017c ka\u017cdy oddzia\u0142 by\u0142 jednoroczny, najwy\u017cszym oddzia\u0142em w Lubieni by\u0142 oddzia\u0142 V -dwuletni.<br>Do\u015b\u0107 d\u0142ugo szko\u0142a nie posiada\u0142a w\u0142asnego budynku szkolnego. W pierwszych latach jej istnienia nauka odbywa\u0142a si\u0119 w wynaj\u0119tych u rolnik\u00f3w budynkach prywatnych.<br>W marcu 1926 r. rozpocz\u0119to budow\u0119 szko\u0142y w Lubieni. By\u0142 to parterowy budynek z kamienia w kt\u00f3rym mie\u015bci\u0142y si\u0119 trzy izby lekcyjne, kancelaria, korytarz oraz 2 mieszkania dla nauczycieli. Rada Gminy przewidzia\u0142a budow\u0119 na okres 3 lat sposobem gospodarczym zlecaj\u0105c j\u0105 Komitetowi Budowy Szko\u0142y. We wrze\u015bniu 1928 r. odby\u0142o si\u0119 uroczyste otwarcie szko\u0142y, na kt\u00f3re przyby\u0142 wojewoda kielecki Mantojfel. Ostatecznie budow\u0119 uko\u0144czono w 1929 r.<br><a href=\"javascript:%20void%20doNothing()\"><\/a><a href=\"javascript:%20void%20doNothing()\"><\/a><\/p>\n\n\n\n<hr class=\"wp-block-separator\"\/>\n\n\n\n<p><strong>LATA 1932 1939<\/strong><br>Wed\u0142ug postanowie\u0144 Ustawy o obowi\u0105zku szkolnym z 11 marca 1932 r. szko\u0142a w Lubieni z czteroklasowej sta\u0142a si\u0119 szko\u0142\u0105 powszechn\u0105 II stopnia z dwuletni\u0105 klas\u0105 VI.<br>Ze wzgl\u0119du na du\u017c\u0105 liczb\u0119 dzieci (207 w czerwcu 1932 r.), powinno w niej uczy\u0107 czterech nauczycieli. Jednak dopiero we wrze\u015bniu 1935 r. inspektor zatrudni\u0142 w szkole czwartego nauczyciela.<br>W roku szkolnym 1934\/1935 w sze\u015bciu oddzia\u0142ach w szkole uczy\u0142o si\u0119 275 uczni\u00f3w w trzech izbach lekcyjnych na dwie zmiany.<br>W sierpniu 1937 r. inspektor zatrudni\u0142 w szkole pi\u0105tego nauczyciela, a w trakcie roku szkolnego podwy\u017cszy\u0142 stopie\u0144 organizacyjny szko\u0142y.<br>4 kwietnia 1938 r. szko\u0142a otrzyma\u0142a &#8222;Akt przemianowania 4 &#8211; klasowej Publicznej Szko\u0142y Powszechnej w Lubieni na szko\u0142\u0119 III stopnia\u201d.<br>W roku szkolnym 1938\/1939 plac\u00f3wka ta by\u0142a pe\u0142n\u0105 siedmioklasow\u0105 szko\u0142\u0105.<br>W zwi\u0105zku ze wzrostem liczby dzieci i oddzia\u0142\u00f3w budynek szkolny sta\u0142 si\u0119 za ciasny. Kierownik szko\u0142y J. Gruszecki opracowa\u0142 i wys\u0142a\u0142 do gminy kosztorys urz\u0105dzenia 2 sal lekcyjnych i mieszkania dla kierownika szko\u0142y.<br>W sierpniu 1936 r. wystosowa\u0142 do Zarz\u0105du Gminy pismo o potrzebie czwartej izby lekcyjnej. W lipcu 1937 r. Rada Gminy Styk\u00f3w podj\u0119\u0142a uchwa\u0142\u0119 o przebudowie szko\u0142y w roku szkolnym 1937\/1938 przez dobudowanie pi\u0119tra nad mieszkaniem i urz\u0105dzenia tam mieszkania kierownika, a z obecnego na parterze urz\u0105dzenia 2 izb lekcyjnych.<br>Przebudowy dokona\u0142 majster Kazimierz Bunk z Brod\u00f3w. Poniewa\u017c kasa gminna nie posiada\u0142a funduszy w chwili rozpocz\u0119cia rozbudowy, zaci\u0105gni\u0119to na ten cel po\u017cyczk\u0119 &#8211; 67 tysi\u0119cy z\u0142otych.<br>Po rozbudowie szko\u0142a powi\u0119kszy\u0142a si\u0119 o dwie izby lekcyjne o powierzchni 43,7 m<sup>2<\/sup>&nbsp;(44,2 m<sup>2<\/sup>&nbsp;&#8211; z ma\u0142ym korytarzykiem). Do tych dw\u00f3ch izb wchodzi\u0142o si\u0119 oddzielnym wej\u015bciem.<br><a href=\"javascript:%20void%20doNothing()\"><\/a><a href=\"javascript:%20void%20doNothing()\"><\/a><\/p>\n\n\n\n<hr class=\"wp-block-separator\"\/>\n\n\n\n<p><strong>LATA WOJNY<\/strong><br>\u017bycie szko\u0142y i jej rozw\u00f3j przerwa\u0142a a potem zahamowa\u0142a II wojna \u015bwiatowa. Wojew\u00f3dztwo kieleckie zosta\u0142o w\u0142\u0105czone do Generalnego Gubernatorstwa, st\u0105d szko\u0142a w Lubieni podlega\u0142a niemieckiej administracji i obowi\u0105zywa\u0142o w niej nauczanie jawne. Niemcy zredukowali liczb\u0119 nauczycieli do trzech \u0142\u0105cznie z kierownikiem. Funkcj\u0119 kierownika pe\u0142ni\u0142 J\u00f3zef Gruszecki, uczy\u0142y panie: Janina Gajdowska (1 IX 1938 \u2013 20 I 1944) i Otylia Wieloch\u2013\u017byci\u0144ska (20 II 1941 \u2013 30 VI 1944).<br>Niemcy obni\u017cyli stopie\u0144 organizacyjny szko\u0142y do szko\u0142y II stopnia z dwuletni\u0105 klas\u0105 sz\u00f3st\u0105. Pod niemieck\u0105 okupacj\u0105 dzieci uczy\u0142y si\u0119 do lipca 1944 r. Przez ca\u0142y ten czas tygodniowa liczba godzin nauczycieli wynosi\u0142a 88.<br>W maju 1940 r. Niemcy zaj\u0119li szko\u0142\u0119 na kwatery dla wojska, a szko\u0142a zosta\u0142a przeniesiona do dwuizbowego budynku nadle\u015bnictwa. Tam te\u017c dzieci uczy\u0142y si\u0119 do ko\u0144ca wojny.<br>W styczniu 1945 r. okupant opu\u015bci\u0142 budynek.<br>Wi\u0119kszo\u015b\u0107 dzieci w czasie wojny nie ucz\u0119szcza\u0142a do szko\u0142y.<br>W tym czasie uko\u0144czy\u0142o szko\u0142\u0119:<br>&#8211; w zakresie pe\u0142nej 7 \u2013klasowej szko\u0142y : 15 uczni\u00f3w;<br>&#8211; w zakresie szko\u0142y II stopnia : 16 uczni\u00f3w<br><\/p>\n\n\n\n<hr class=\"wp-block-separator\"\/>\n\n\n\n<p><strong>LATA POWOJENNE (CZTERDZIESTE I PI\u0118\u0106DZIESI\u0104TE)<\/strong><br>W ko\u0144cu stycznia 1945 r. powsta\u0142 Inspektorat Szkolny w Starachowicach, kt\u00f3ry przyst\u0105pi\u0142 do organizacji szkolnictwa na naszym terenie. Na pocz\u0105tku lutego 1945 r. kierownik J. Gruszecki przyst\u0105pi\u0142 do zapisu dzieci do szko\u0142y. Pod koniec lutego 1945 r. w szkole rozpocz\u0119\u0142a si\u0119 nauka. Pierwszy powojenny rok szkolny trwa\u0142 4 miesi\u0105ce, a najwy\u017cszym oddzia\u0142em by\u0142a klasa VI. W szkole uczy\u0142o czterech nauczycieli, a nauka odbywa\u0142a si\u0119 na dwie zmiany.<br>W roku szkolnym 1945\/1946 szko\u0142a w Lubieni by\u0142a pe\u0142n\u0105 siedmioklasow\u0105 szko\u0142\u0105 z podw\u00f3jnymi klasami i II, bez zmiany stanu nauczycieli.<br>W roku szkolnym 1946\/1947 zosta\u0142 utworzony oddzia\u0142 specjalny dla uczni\u00f3w przero\u015bni\u0119tych, nazwany &#8222;ci\u0105giem skr\u00f3conym\u201d.<br>Przez pierwsze dziesi\u0119\u0107 lat po wojnie w szkole w Lubieni najbardziej odczuwalny by\u0142 brak nauczycieli wykwalifikowanych. Wyst\u0119powa\u0142a tak\u017ce du\u017ca mobilno\u015b\u0107 kadry nauczycielskiej.<br>Budynek szkolny w okresie wojny zosta\u0142 zniszczony przez Niemc\u00f3w w 30 %, a umeblowanie i wyposa\u017cenie szko\u0142y w 90 %. Po wojnie tylko 2 izby lekcyjne nadawa\u0142y si\u0119 do u\u017cytku. W miesi\u0105cach sierpie\u0144 \u2013 wrzesie\u0144 1945 r. dokonano w szkole cz\u0119\u015bciowej odbudowy. W takim stanie szko\u0142a przetrwa\u0142a do 1953 r., kiedy to zosta\u0142 przeprowadzony remont bie\u017c\u0105cy \u2013 dokonano reperacji piec\u00f3w i pomalowano klasy.<br>W 1957 r. przeprowadzono remont kapitalny budynku szkolnego za fundusze GRN, w ramach kt\u00f3rego m.in. dokonano:<br>&#8211; przebudowy piec\u00f3w;<br>&#8211; naprawy sufit\u00f3w i dachu nad cz\u0119\u015bci\u0105 mieszkaln\u0105;<br>&#8211; dorobienia 30 nowych ram okiennych z oszkleniem;<br>&#8211; malowania budynku na zewn\u0105trz i cz\u0119\u015bci izb lekcyjnych.<br><a href=\"javascript:%20void%20doNothing()\"><\/a><\/p>\n\n\n\n<hr class=\"wp-block-separator\"\/>\n\n\n\n<p><strong>LATA SIEDEMDZIESI\u0104TE<\/strong><br>Funkcj\u0119 kierownika szko\u0142y nadal pe\u0142ni\u0142 J\u00f3zef Gruszecki. Od wrze\u015bnia 1958 r. szko\u0142a zajmowa\u0142a dwie du\u017ce sale w budynku przedszkola, uczy\u0142y si\u0119 w nich m\u0142odsze klasy.<br>Od wrze\u015bnia 1973 r. funkcj\u0119 dyrektora szko\u0142y pe\u0142ni\u0142 Maksymilian Rogali\u0144ski. W wakacje 1975 r. dokona\u0142 w budynku szkolnym przebudowy klatki schodowej. Do budynku szkolnego wchodzi\u0142o si\u0119 jednymi drzwiami, a korytarza szkolnego by\u0142o wej\u015bcie do ka\u017cdej klasy.<br>W wakacje 1966 r. kierownik zrezygnowa\u0142 z jednego pokoju i odst\u0105pi\u0142 go szkole. W sierpniu 1971 r. opu\u015bci\u0142 mieszkanie w budynku szkolnym, dzi\u0119ki czemu szko\u0142a zyska\u0142a 3 dodatkowe pomieszczenia. W budynku szkolnym do 7 izb lekcyjnych wchodzi\u0142o si\u0119 trzema oddzielnymi wej\u015bciami, a w budynku przedszkola szko\u0142a korzysta\u0142a z trzech izb lekcyjnych.<br>Jednak ju\u017c od wrze\u015bnia 1976 r., liczba izb lekcyjnych zacz\u0119\u0142a male\u0107. Jedn\u0105 izb\u0119, w budynku przedszkola, odebra\u0142o przedszkole. Rok p\u00f3\u017aniej zlikwidowano jedn\u0105 izb\u0119 z powodu niebezpiecznego obni\u017cania si\u0119 strop\u00f3w pod ni\u0105.<br>Wiosn\u0105 1980 r. nad bibliotek\u0105, na pi\u0119trze, zawali\u0142 si\u0119 sufit. W tej sytuacji bibliotek\u0119 przeniesiono do budynku przedszkola.<br><\/p>\n\n\n\n<hr class=\"wp-block-separator\"\/>\n\n\n\n<p><strong>PRZENIESIENIE SZKO\u0141Y DO NOWEGO BUDYNKU 13 I I 1988<\/strong><br>W marcu 1985 r. rozpocz\u0119\u0142y si\u0119 prace przy rozbudowie szko\u0142y. Budynek nowej szko\u0142y powsta\u0142 na bazie budynku przedszkola. Dokonano przebudowy i rozbudowy tego budynku dostawiaj\u0105c przybud\u00f3wk\u0119 i II pi\u0119tro. Dyrektorem szko\u0142y by\u0142a w\u00f3wczas Krystyna Gralec.<br>Prace budowlane zosta\u0142y rozpocz\u0119te we wrze\u015bniu 1985 r.<br>Kierownikiem budowy by\u0142 Miros\u0142aw Prokop, inspektorem nadzoru Franciszek Adamczyk, a g\u0142\u00f3wnym wykonawc\u0105 RSP w Brodach. 30 % koszt\u00f3w budowy mia\u0142a pokry\u0107 lokalna spo\u0142eczno\u015b\u0107, bowiem obiekt mia\u0142 by\u0107 budowany w drodze inwestycji czynowej. Pomimo trudno\u015bci finansowych prace nie zosta\u0142y przerwane dzi\u0119ki dofinansowaniu jej przez KOiW w Kielcach, Urz\u0105d Gminy w Brodach i dyrekcji OZLP w Radomiu. Budowa zosta\u0142a zako\u0144czona w terminie. Jej kosztorys wyni\u00f3s\u0142 32 mln. z\u0142.<br>Dzi\u0119ki przebudowie w nowym budynku znajduje si\u0119 12 izb lekcyjnych, szatnia i pomieszczenie dla nauczycieli. Jedn\u0105 z izb, znajduj\u0105c\u0105 si\u0119 na II pi\u0119trze przeznaczono na bibliotek\u0119 szkoln\u0105 (pow. 36 m<sup>2<\/sup>), a drug\u0105 znajduj\u0105c\u0105 si\u0119 na parterze na klasopracowni\u0119 klasy &#8222;0\u201d. W przybud\u00f3wce na parterze zosta\u0142y urz\u0105dzone szatnie z oddzielnymi boksami dla ka\u017cdej klasy. Na ka\u017cdej kondygnacji znajduj\u0105 si\u0119 sanitariaty oraz du\u017ce, jasne hole.<br>Dnia 13 lutego 1988 r. odby\u0142a si\u0119 wielka uroczysto\u015b\u0107 \u2013 przekazania obiektu nowej szko\u0142y dziatwie szkolnej i nauczycielom. Uroczysto\u015b\u0107 ta rozpocz\u0119\u0142a si\u0119 zbi\u00f3rk\u0105 dzieci, zaproszonych go\u015bci, rodzic\u00f3w oraz spo\u0142eczno\u015bci lokalnej przed starym budynkiem szko\u0142y. Dyrektorem szko\u0142y by\u0142a w\u00f3wczas Krystyna Gralec. Uczniowie po\u017cegnali star\u0105 szko\u0142\u0119, a szyld szko\u0142y i god\u0142o zosta\u0142y przeniesione do nowego budynku.<br><a href=\"javascript:%20void%20doNothing()\"><\/a><a href=\"javascript:%20void%20doNothing()\"><\/a><\/p>\n\n\n\n<hr class=\"wp-block-separator\"\/>\n\n\n\n<p><strong>LUBIENIA MA SAL\u0118 GIMNASTYCZNA<\/strong><br>Z nale\u017cnymi honorami \u015bwi\u0119towano oddanie sali gimnastycznej przy Szkole Podstawowej w Lubieni. Obiekt pozwoli plac\u00f3wce w godziwych warunkach organizowa\u0107 lekcje w\u2013f oraz szkolne imprezy.<br>Uroczystego po\u015bwi\u0119cenia nowej sali gimnastycznej dokona\u0142 kustosz Sanktuarium w Ka\u0142kowie ksi\u0105dz Czes\u0142aw Wala. Na uroczysto\u015bci 28 grudnia 2002 r. nie zabrak\u0142o przedstawicieli lokalnych w\u0142adz: w\u00f3jta \u2013 Andrzeja \u015aliwy i vice-w\u00f3jta \u2013 Andrzeja Przygody, przewodnicz\u0105cego rady gminy \u2013 Jerzego St\u0105porka oraz radnych i pracownik\u00f3w urz\u0119du gminy.<br><br><a href=\"javascript:%20void%20doNothing()\"><\/a><a href=\"javascript:%20void%20doNothing()\"><\/a><a href=\"javascript:%20void%20doNothing()\"><\/a><a href=\"javascript:%20void%20doNothing()\"><\/a><\/p>\n","protected":false},"excerpt":{"rendered":"<p>Historia szko\u0142y w Lubieni opracowana przez mgr Beat\u0119 Kuter\u0119 LATA 1918-1932Na pocz\u0105tku XX wieku Lubienia to ma\u0142a wie\u015b le\u017c\u0105ca na ziemiach powiatu i\u0142\u017ceckiego w wojew\u00f3dztwie kieleckim, kt\u00f3re administracyjnie zwi\u0105zane by\u0142o z okr\u0119giem szkolnym warszawskim, a w 1927 r. w\u0142\u0105czone do okr\u0119gu szkolnego krakowskiego. W\u0142adz\u0105 szkoln\u0105 I instancji by\u0142 Inspektor Szkolny w Wierzbniku, a od 1935 [&hellip;]<\/p>\n","protected":false},"author":2,"featured_media":0,"parent":0,"menu_order":7,"comment_status":"closed","ping_status":"closed","template":"","meta":{"footnotes":""},"class_list":["post-21","page","type-page","status-publish","hentry"],"_links":{"self":[{"href":"https:\/\/psplubienia.eu\/index.php?rest_route=\/wp\/v2\/pages\/21","targetHints":{"allow":["GET"]}}],"collection":[{"href":"https:\/\/psplubienia.eu\/index.php?rest_route=\/wp\/v2\/pages"}],"about":[{"href":"https:\/\/psplubienia.eu\/index.php?rest_route=\/wp\/v2\/types\/page"}],"author":[{"embeddable":true,"href":"https:\/\/psplubienia.eu\/index.php?rest_route=\/wp\/v2\/users\/2"}],"replies":[{"embeddable":true,"href":"https:\/\/psplubienia.eu\/index.php?rest_route=%2Fwp%2Fv2%2Fcomments&post=21"}],"version-history":[{"count":2,"href":"https:\/\/psplubienia.eu\/index.php?rest_route=\/wp\/v2\/pages\/21\/revisions"}],"predecessor-version":[{"id":24,"href":"https:\/\/psplubienia.eu\/index.php?rest_route=\/wp\/v2\/pages\/21\/revisions\/24"}],"wp:attachment":[{"href":"https:\/\/psplubienia.eu\/index.php?rest_route=%2Fwp%2Fv2%2Fmedia&parent=21"}],"curies":[{"name":"wp","href":"https:\/\/api.w.org\/{rel}","templated":true}]}}