{"id":31,"date":"2021-10-26T08:20:27","date_gmt":"2021-10-26T08:20:27","guid":{"rendered":"https:\/\/psplubienia.eu\/?page_id=31"},"modified":"2025-11-02T13:52:26","modified_gmt":"2025-11-02T13:52:26","slug":"dokumenty-szkoly","status":"publish","type":"page","link":"https:\/\/psplubienia.eu\/?page_id=31","title":{"rendered":"Dokumenty szko\u0142y"},"content":{"rendered":"\n<div data-wp-interactive=\"core\/file\" class=\"wp-block-file\"><object data-wp-bind--hidden=\"!state.hasPdfPreview\" hidden class=\"wp-block-file__embed\" data=\"https:\/\/psplubienia.eu\/wp-content\/uploads\/2025\/11\/Statut-SP-NOWY-2025-1.pdf\" type=\"application\/pdf\" style=\"width:100%;height:600px\" aria-label=\"Osadzone z Statut SP NOWY -  2025.\"><\/object><a id=\"wp-block-file--media-4693b619-e750-440d-ae88-e0327af08309\" href=\"https:\/\/psplubienia.eu\/wp-content\/uploads\/2025\/11\/Statut-SP-NOWY-2025-1.pdf\">Statut SP NOWY &#8211;  2025<\/a><a href=\"https:\/\/psplubienia.eu\/wp-content\/uploads\/2025\/11\/Statut-SP-NOWY-2025-1.pdf\" class=\"wp-block-file__button wp-element-button\" download aria-describedby=\"wp-block-file--media-4693b619-e750-440d-ae88-e0327af08309\">Pobierz<\/a><\/div>\n\n\n\n<div data-wp-interactive=\"core\/file\" class=\"wp-block-file\"><object data-wp-bind--hidden=\"!state.hasPdfPreview\" hidden class=\"wp-block-file__embed\" data=\"https:\/\/psplubienia.eu\/wp-content\/uploads\/2025\/11\/STATUT-Przedszkola-2025r_.pdf\" type=\"application\/pdf\" style=\"width:100%;height:600px\" aria-label=\"Osadzone z STATUT Przedszkola 2025r_.\"><\/object><a id=\"wp-block-file--media-b23316df-3e96-4c6d-8b3c-363d444ce298\" href=\"https:\/\/psplubienia.eu\/wp-content\/uploads\/2025\/11\/STATUT-Przedszkola-2025r_.pdf\">STATUT Przedszkola 2025r_<\/a><a href=\"https:\/\/psplubienia.eu\/wp-content\/uploads\/2025\/11\/STATUT-Przedszkola-2025r_.pdf\" class=\"wp-block-file__button wp-element-button\" download aria-describedby=\"wp-block-file--media-b23316df-3e96-4c6d-8b3c-363d444ce298\">Pobierz<\/a><\/div>\n\n\n\n<div data-wp-interactive=\"core\/file\" class=\"wp-block-file\"><object data-wp-bind--hidden=\"!state.hasPdfPreview\" hidden class=\"wp-block-file__embed\" data=\"https:\/\/psplubienia.eu\/wp-content\/uploads\/2025\/11\/Program-Prof.Wych-2025.pdf\" type=\"application\/pdf\" style=\"width:100%;height:600px\" aria-label=\"Osadzone z Program Prof.Wych 2025.\"><\/object><a id=\"wp-block-file--media-396e8bc7-5b3b-40e3-8f40-c94a725c6e84\" href=\"https:\/\/psplubienia.eu\/wp-content\/uploads\/2025\/11\/Program-Prof.Wych-2025.pdf\">Program Prof.Wych 2025<\/a><a href=\"https:\/\/psplubienia.eu\/wp-content\/uploads\/2025\/11\/Program-Prof.Wych-2025.pdf\" class=\"wp-block-file__button wp-element-button\" download aria-describedby=\"wp-block-file--media-396e8bc7-5b3b-40e3-8f40-c94a725c6e84\">Pobierz<\/a><\/div>\n\n\n\n<div data-wp-interactive=\"core\/file\" class=\"wp-block-file\"><object data-wp-bind--hidden=\"!state.hasPdfPreview\" hidden class=\"wp-block-file__embed\" data=\"https:\/\/psplubienia.eu\/wp-content\/uploads\/2025\/11\/Plan-pracy-szkoly-2025-2026.pdf\" type=\"application\/pdf\" style=\"width:100%;height:600px\" aria-label=\"Osadzone z Plan pracy szko\u0142y 2025-2026.\"><\/object><a id=\"wp-block-file--media-26fb5e9a-3b06-461a-a895-cc62b0a086a6\" href=\"https:\/\/psplubienia.eu\/wp-content\/uploads\/2025\/11\/Plan-pracy-szkoly-2025-2026.pdf\">Plan pracy szko\u0142y 2025-2026<\/a><a href=\"https:\/\/psplubienia.eu\/wp-content\/uploads\/2025\/11\/Plan-pracy-szkoly-2025-2026.pdf\" class=\"wp-block-file__button wp-element-button\" download aria-describedby=\"wp-block-file--media-26fb5e9a-3b06-461a-a895-cc62b0a086a6\">Pobierz<\/a><\/div>\n\n\n\n<div data-wp-interactive=\"core\/file\" class=\"wp-block-file\"><object data-wp-bind--hidden=\"!state.hasPdfPreview\" hidden class=\"wp-block-file__embed\" data=\"https:\/\/psplubienia.eu\/wp-content\/uploads\/2025\/11\/2025-szkolny-zestaw-programow.pdf\" type=\"application\/pdf\" style=\"width:100%;height:600px\" aria-label=\"Osadzone z 2025- szkolny zestaw program\u00f3w.\"><\/object><a id=\"wp-block-file--media-a2239388-dc13-4152-8b97-5a67017011a1\" href=\"https:\/\/psplubienia.eu\/wp-content\/uploads\/2025\/11\/2025-szkolny-zestaw-programow.pdf\">2025- szkolny zestaw program\u00f3w<\/a><a href=\"https:\/\/psplubienia.eu\/wp-content\/uploads\/2025\/11\/2025-szkolny-zestaw-programow.pdf\" class=\"wp-block-file__button wp-element-button\" download aria-describedby=\"wp-block-file--media-a2239388-dc13-4152-8b97-5a67017011a1\">Pobierz<\/a><\/div>\n\n\n\n<div data-wp-interactive=\"core\/file\" class=\"wp-block-file\"><object data-wp-bind--hidden=\"!state.hasPdfPreview\" hidden class=\"wp-block-file__embed\" data=\"https:\/\/psplubienia.eu\/wp-content\/uploads\/2025\/11\/Szkolny-zestaw-podrecznikow-2025.pdf\" type=\"application\/pdf\" style=\"width:100%;height:600px\" aria-label=\"Osadzone z Szkolny zestaw podr\u0119cznik\u00f3w 2025.\"><\/object><a id=\"wp-block-file--media-e9c59b6c-0f5f-4395-a0b2-ae5a3d739e1b\" href=\"https:\/\/psplubienia.eu\/wp-content\/uploads\/2025\/11\/Szkolny-zestaw-podrecznikow-2025.pdf\">Szkolny zestaw podr\u0119cznik\u00f3w 2025<\/a><a href=\"https:\/\/psplubienia.eu\/wp-content\/uploads\/2025\/11\/Szkolny-zestaw-podrecznikow-2025.pdf\" class=\"wp-block-file__button wp-element-button\" download aria-describedby=\"wp-block-file--media-e9c59b6c-0f5f-4395-a0b2-ae5a3d739e1b\">Pobierz<\/a><\/div>\n\n\n\n<div class=\"wp-block-file\"><a id=\"wp-block-file--media-4b23f9b0-df28-43ab-9ffd-6cc65887e74f\" href=\"https:\/\/psplubienia.eu\/wp-content\/uploads\/2022\/09\/procedura-pomocy-ppp.docx\"><br><br><br><br><br><br><br><br>procedura-pomocy-ppp<\/a><a href=\"https:\/\/psplubienia.eu\/wp-content\/uploads\/2022\/09\/procedura-pomocy-ppp.docx\" class=\"wp-block-file__button wp-element-button\" download aria-describedby=\"wp-block-file--media-4b23f9b0-df28-43ab-9ffd-6cc65887e74f\">Pobierz<\/a><\/div>\n\n\n\n<div class=\"wp-block-file\"><a id=\"wp-block-file--media-f567b7dc-ac92-4ad7-bb7a-d4ad3b14e11d\" href=\"https:\/\/psplubienia.eu\/wp-content\/uploads\/2022\/09\/procedura-przyjecia-dzieci-do-szkoly-i-przedszkola.docx\">procedura-przyjecia-dzieci-do-szkoly-i-przedszkola<\/a><a href=\"https:\/\/psplubienia.eu\/wp-content\/uploads\/2022\/09\/procedura-przyjecia-dzieci-do-szkoly-i-przedszkola.docx\" class=\"wp-block-file__button wp-element-button\" download aria-describedby=\"wp-block-file--media-f567b7dc-ac92-4ad7-bb7a-d4ad3b14e11d\">Pobierz<\/a><\/div>\n\n\n\n<div class=\"wp-block-file\"><a id=\"wp-block-file--media-24544609-b031-4d47-98ef-8e16b96e3213\" href=\"https:\/\/psplubienia.eu\/wp-content\/uploads\/2022\/02\/Zalacznik-nr-3.docx\">Zalacznik-nr-3<\/a><a href=\"https:\/\/psplubienia.eu\/wp-content\/uploads\/2022\/02\/Zalacznik-nr-3.docx\" class=\"wp-block-file__button wp-element-button\" download aria-describedby=\"wp-block-file--media-24544609-b031-4d47-98ef-8e16b96e3213\">Pobierz<\/a><\/div>\n\n\n\n<div class=\"wp-block-file\"><a id=\"wp-block-file--media-7def7974-7ab8-4cd0-be6b-36c9f8c972f5\" href=\"https:\/\/psplubienia.eu\/wp-content\/uploads\/2022\/09\/regulamin-swietlicy-szkolnej.docx\">regulamin-swietlicy-szkolnej<\/a><a href=\"https:\/\/psplubienia.eu\/wp-content\/uploads\/2022\/09\/regulamin-swietlicy-szkolnej.docx\" class=\"wp-block-file__button wp-element-button\" download aria-describedby=\"wp-block-file--media-7def7974-7ab8-4cd0-be6b-36c9f8c972f5\">Pobierz<\/a><\/div>\n\n\n\n<div class=\"wp-block-file\"><a id=\"wp-block-file--media-8b70bd34-0886-415e-835f-b2bae633c7d9\" href=\"https:\/\/psplubienia.eu\/wp-content\/uploads\/2022\/09\/karta-zapisu-dziecka-do-swietlicy.docx\">karta-zapisu-dziecka-do-swietlicy<\/a><a href=\"https:\/\/psplubienia.eu\/wp-content\/uploads\/2022\/09\/karta-zapisu-dziecka-do-swietlicy.docx\" class=\"wp-block-file__button wp-element-button\" download aria-describedby=\"wp-block-file--media-8b70bd34-0886-415e-835f-b2bae633c7d9\">Pobierz<\/a><\/div>\n\n\n\n<div class=\"wp-block-file\"><a id=\"wp-block-file--media-659c3eb8-9444-47d2-9239-266fea778878\" href=\"https:\/\/psplubienia.eu\/wp-content\/uploads\/2022\/09\/zalacznik-1-do-zarzadzenia-16-2021-procedury-choroby-przewlekle.docx\">zalacznik-1-do-zarzadzenia-16-2021-procedury-choroby-przewlekle<\/a><a href=\"https:\/\/psplubienia.eu\/wp-content\/uploads\/2022\/09\/zalacznik-1-do-zarzadzenia-16-2021-procedury-choroby-przewlekle.docx\" class=\"wp-block-file__button wp-element-button\" download aria-describedby=\"wp-block-file--media-659c3eb8-9444-47d2-9239-266fea778878\">Pobierz<\/a><\/div>\n\n\n\n<div class=\"wp-block-file\"><a id=\"wp-block-file--media-61a4d40b-ecb0-4073-966b-d464198a4332\" href=\"https:\/\/psplubienia.eu\/wp-content\/uploads\/2022\/09\/OSWIADCZENIE-RODZICOW-nr-2-1-2.docx\">O\u015bwiadczenie rodzic\u00f3w na udzia\u0142 w lekcjach religii <\/a><a href=\"https:\/\/psplubienia.eu\/wp-content\/uploads\/2022\/09\/OSWIADCZENIE-RODZICOW-nr-2-1-2.docx\" class=\"wp-block-file__button wp-element-button\" download aria-describedby=\"wp-block-file--media-61a4d40b-ecb0-4073-966b-d464198a4332\">Pobierz<\/a><\/div>\n\n\n<\/p>\n<p><a class=\"wp-block-file__button\" href=\"https:\/\/psplubienia.eu\/wp-content\/uploads\/2021\/11\/zarzadzenie-5-2021-BHP-przed-rozpocz.-roku-szkol..pdf\" download=\"\">Zarz\u0105dzenie nr 5\/2021 Pobierz<\/a><\/p>\n<p><a class=\"wp-block-file__button\" href=\"https:\/\/psplubienia.eu\/wp-content\/uploads\/2021\/11\/zarzadzenie-6-2021-pomoc-PPP.pdf\" download=\"\">Zarz\u0105dzenie nr 6\/2021 Pobierz<\/a><\/p>\n<p><a class=\"wp-block-file__button\" href=\"https:\/\/psplubienia.eu\/wp-content\/uploads\/2021\/11\/Regulamin-dziennika-elektronicznego-1.pdf\" download=\"\">Regulamin dziennika elektronicznego Pobierz<\/a><\/p>\n<p>Zarz\u0105dzenie nr 7\/2021 Pobierz<\/p>\n\n\n<hr class=\"wp-block-separator has-css-opacity\"\/>\n\n\n\n<p><strong>Za\u0142\u0105czniki do<\/strong>:<strong> procedury rekrutacji dzieci do Zespo\u0142u Szkolno- Przedszkolnego<\/strong> <strong>w Lubieni<\/strong><\/p>\n\n\n\n<div class=\"wp-block-file\"><a id=\"wp-block-file--media-903f7580-1877-45cc-89bf-6b26e31723ae\" href=\"https:\/\/psplubienia.eu\/wp-content\/uploads\/2022\/02\/Procedura-przyjecia-dzieci-do-szkoly-i-przedszkola.docx\">Procedura przyj\u0119cia dzieci do szko\u0142y i przedszkola<\/a><a href=\"https:\/\/psplubienia.eu\/wp-content\/uploads\/2022\/02\/Procedura-przyjecia-dzieci-do-szkoly-i-przedszkola.docx\" class=\"wp-block-file__button wp-element-button\" download aria-describedby=\"wp-block-file--media-903f7580-1877-45cc-89bf-6b26e31723ae\">Pobierz<\/a><\/div>\n\n\n\n<div class=\"wp-block-file\"><a id=\"wp-block-file--media-97dc4a77-67ea-4fcd-aa72-07860e7cd174\" href=\"https:\/\/psplubienia.eu\/wp-content\/uploads\/2022\/02\/Zalacznik-nr-1.docx\">Zalacznik-nr-1<\/a><a href=\"https:\/\/psplubienia.eu\/wp-content\/uploads\/2022\/02\/Zalacznik-nr-1.docx\" class=\"wp-block-file__button wp-element-button\" download aria-describedby=\"wp-block-file--media-97dc4a77-67ea-4fcd-aa72-07860e7cd174\">Pobierz<\/a><\/div>\n\n\n\n<div class=\"wp-block-file\"><a id=\"wp-block-file--media-debf9a2d-534e-40ae-93a6-2bd5127726cc\" href=\"https:\/\/psplubienia.eu\/wp-content\/uploads\/2022\/02\/Zalacznik-nr-2.docx\">Zalacznik-nr-2<\/a><a href=\"https:\/\/psplubienia.eu\/wp-content\/uploads\/2022\/02\/Zalacznik-nr-2.docx\" class=\"wp-block-file__button wp-element-button\" download aria-describedby=\"wp-block-file--media-debf9a2d-534e-40ae-93a6-2bd5127726cc\">Pobierz<\/a><\/div>\n\n\n\n<div class=\"wp-block-file\"><a id=\"wp-block-file--media-cccf4caf-3faa-4efd-b688-580204cd04d0\" href=\"https:\/\/psplubienia.eu\/wp-content\/uploads\/2022\/02\/Zalacznik-nr-4.docx\">Zalacznik-nr-4<\/a><a href=\"https:\/\/psplubienia.eu\/wp-content\/uploads\/2022\/02\/Zalacznik-nr-4.docx\" class=\"wp-block-file__button wp-element-button\" download aria-describedby=\"wp-block-file--media-cccf4caf-3faa-4efd-b688-580204cd04d0\">Pobierz<\/a><\/div>\n\n\n\n<div class=\"wp-block-file\"><a id=\"wp-block-file--media-57e4f89e-a318-484a-a6f8-ab1809c75fc8\" href=\"https:\/\/psplubienia.eu\/wp-content\/uploads\/2022\/02\/Zalacznik-nr-5.docx\">Zalacznik-nr-5<\/a><a href=\"https:\/\/psplubienia.eu\/wp-content\/uploads\/2022\/02\/Zalacznik-nr-5.docx\" class=\"wp-block-file__button wp-element-button\" download aria-describedby=\"wp-block-file--media-57e4f89e-a318-484a-a6f8-ab1809c75fc8\">Pobierz<\/a><\/div>\n\n\n\n<div class=\"wp-block-file\"><a id=\"wp-block-file--media-3f9f65bd-d4ca-4b18-9c58-7a3fa260639a\" href=\"https:\/\/psplubienia.eu\/wp-content\/uploads\/2022\/09\/zarzadzenie-15-2022-komisje-egzamin.doc\">zarzadzenie-15-2022-komisje-egzamin<\/a><a href=\"https:\/\/psplubienia.eu\/wp-content\/uploads\/2022\/09\/zarzadzenie-15-2022-komisje-egzamin.doc\" class=\"wp-block-file__button wp-element-button\" download aria-describedby=\"wp-block-file--media-3f9f65bd-d4ca-4b18-9c58-7a3fa260639a\">Pobierz<\/a><\/div>\n\n\n\n<div class=\"wp-block-file\"><a id=\"wp-block-file--media-3075c4fa-0a11-416d-8fd5-0845a3e92d5b\" href=\"https:\/\/psplubienia.eu\/wp-content\/uploads\/2022\/09\/zarzadzenie-1-2022-instrukcja-kabncelaryjna-.docx\">zarzadzenie-1-2022-instrukcja-kabncelaryjna-<\/a><a href=\"https:\/\/psplubienia.eu\/wp-content\/uploads\/2022\/09\/zarzadzenie-1-2022-instrukcja-kabncelaryjna-.docx\" class=\"wp-block-file__button wp-element-button\" download aria-describedby=\"wp-block-file--media-3075c4fa-0a11-416d-8fd5-0845a3e92d5b\">Pobierz<\/a><\/div>\n\n\n\n<div class=\"wp-block-file\"><a id=\"wp-block-file--media-8a5ff9df-b537-4e83-b460-f4530f5b1afe\" href=\"https:\/\/psplubienia.eu\/wp-content\/uploads\/2022\/09\/zarzadzenie-2-2022-dzien-wolny-za-swieto.docx\">zarzadzenie-2-2022-dzien-wolny-za-swieto<\/a><a href=\"https:\/\/psplubienia.eu\/wp-content\/uploads\/2022\/09\/zarzadzenie-2-2022-dzien-wolny-za-swieto.docx\" class=\"wp-block-file__button wp-element-button\" download aria-describedby=\"wp-block-file--media-8a5ff9df-b537-4e83-b460-f4530f5b1afe\">Pobierz<\/a><\/div>\n\n\n\n<div class=\"wp-block-file\"><a id=\"wp-block-file--media-98e1d0b2-2309-4f75-b1c5-8a1d4ad1396a\" href=\"https:\/\/psplubienia.eu\/wp-content\/uploads\/2022\/09\/zarzadzenie-3-2022-regulamin-organizacyjny.docx\">zarzadzenie-3-2022-regulamin-organizacyjny<\/a><a href=\"https:\/\/psplubienia.eu\/wp-content\/uploads\/2022\/09\/zarzadzenie-3-2022-regulamin-organizacyjny.docx\" class=\"wp-block-file__button wp-element-button\" download aria-describedby=\"wp-block-file--media-98e1d0b2-2309-4f75-b1c5-8a1d4ad1396a\">Pobierz<\/a><\/div>\n\n\n\n<div class=\"wp-block-file\"><a id=\"wp-block-file--media-80f99bf1-fac4-4a79-9e9d-79887c6dbe67\" href=\"https:\/\/psplubienia.eu\/wp-content\/uploads\/2022\/09\/zarzadzenie-4-2022-kontrola-zarzadcza-1.doc\">zarzadzenie-4-2022-kontrola-zarzadcza-1<\/a><a href=\"https:\/\/psplubienia.eu\/wp-content\/uploads\/2022\/09\/zarzadzenie-4-2022-kontrola-zarzadcza-1.doc\" class=\"wp-block-file__button wp-element-button\" download aria-describedby=\"wp-block-file--media-80f99bf1-fac4-4a79-9e9d-79887c6dbe67\">Pobierz<\/a><\/div>\n\n\n\n<div class=\"wp-block-file\"><a id=\"wp-block-file--media-5879ae3c-c631-49bc-b36a-e24eca385791\" href=\"https:\/\/psplubienia.eu\/wp-content\/uploads\/2022\/09\/zarzadzenie-5-2022-instrukcja-inwetaryzacyjna.docx\">zarzadzenie-5-2022-instrukcja-inwetaryzacyjna<\/a><a href=\"https:\/\/psplubienia.eu\/wp-content\/uploads\/2022\/09\/zarzadzenie-5-2022-instrukcja-inwetaryzacyjna.docx\" class=\"wp-block-file__button wp-element-button\" download aria-describedby=\"wp-block-file--media-5879ae3c-c631-49bc-b36a-e24eca385791\">Pobierz<\/a><\/div>\n\n\n\n<div class=\"wp-block-file\"><a id=\"wp-block-file--media-841bbf21-60f8-41f1-8aeb-828dae8a89f5\" href=\"https:\/\/psplubienia.eu\/wp-content\/uploads\/2022\/09\/zarzadzenie-6-2022-komisje-konkursowe.docx\">zarzadzenie-6-2022-komisje-konkursowe<\/a><a href=\"https:\/\/psplubienia.eu\/wp-content\/uploads\/2022\/09\/zarzadzenie-6-2022-komisje-konkursowe.docx\" class=\"wp-block-file__button wp-element-button\" download aria-describedby=\"wp-block-file--media-841bbf21-60f8-41f1-8aeb-828dae8a89f5\">Pobierz<\/a><\/div>\n\n\n\n<div class=\"wp-block-file\"><a id=\"wp-block-file--media-f59473db-ba87-4841-b9f9-d98313923b96\" href=\"https:\/\/psplubienia.eu\/wp-content\/uploads\/2022\/09\/zarzadzenie-7-2022-nauka-zdalna.docx\">zarzadzenie-7-2022-nauka-zdalna<\/a><a href=\"https:\/\/psplubienia.eu\/wp-content\/uploads\/2022\/09\/zarzadzenie-7-2022-nauka-zdalna.docx\" class=\"wp-block-file__button wp-element-button\" download aria-describedby=\"wp-block-file--media-f59473db-ba87-4841-b9f9-d98313923b96\">Pobierz<\/a><\/div>\n\n\n\n<div class=\"wp-block-file\"><a id=\"wp-block-file--media-cdd02e9b-ce97-4360-9994-751e9895da6d\" href=\"https:\/\/psplubienia.eu\/wp-content\/uploads\/2022\/09\/zarzadzenie-8-2022-fundusz-socjalny.docx\">zarzadzenie-8-2022-fundusz-socjalny<\/a><a href=\"https:\/\/psplubienia.eu\/wp-content\/uploads\/2022\/09\/zarzadzenie-8-2022-fundusz-socjalny.docx\" class=\"wp-block-file__button wp-element-button\" download aria-describedby=\"wp-block-file--media-cdd02e9b-ce97-4360-9994-751e9895da6d\">Pobierz<\/a><\/div>\n\n\n\n<div class=\"wp-block-file\"><a id=\"wp-block-file--media-d3e4b681-4865-4663-b653-5ad83a02ae08\" href=\"https:\/\/psplubienia.eu\/wp-content\/uploads\/2022\/09\/zarzadzenie-9-2022-regulamin-wynagradzania-pracowniko-niepedagogicznych.docx\">zarzadzenie-9-2022-regulamin-wynagradzania-pracowniko-niepedagogicznych<\/a><a href=\"https:\/\/psplubienia.eu\/wp-content\/uploads\/2022\/09\/zarzadzenie-9-2022-regulamin-wynagradzania-pracowniko-niepedagogicznych.docx\" class=\"wp-block-file__button wp-element-button\" download aria-describedby=\"wp-block-file--media-d3e4b681-4865-4663-b653-5ad83a02ae08\">Pobierz<\/a><\/div>\n\n\n\n<div class=\"wp-block-file\"><a id=\"wp-block-file--media-64b2a042-b1fc-42bc-a6e4-1f7f07aeb50b\" href=\"https:\/\/psplubienia.eu\/wp-content\/uploads\/2022\/09\/zarzadzenie-10-2022-rekrutacja.docx\">zarzadzenie-10-2022-rekrutacja<\/a><a href=\"https:\/\/psplubienia.eu\/wp-content\/uploads\/2022\/09\/zarzadzenie-10-2022-rekrutacja.docx\" class=\"wp-block-file__button wp-element-button\" download aria-describedby=\"wp-block-file--media-64b2a042-b1fc-42bc-a6e4-1f7f07aeb50b\">Pobierz<\/a><\/div>\n\n\n\n<div class=\"wp-block-file\"><a id=\"wp-block-file--media-032fab4e-c635-4437-a3b1-94b7ddd33a52\" href=\"https:\/\/psplubienia.eu\/wp-content\/uploads\/2022\/09\/zarzadzenie-11-2022-powrot-do-szkoly.docx\">zarzadzenie-11-2022-powrot-do-szkoly<\/a><a href=\"https:\/\/psplubienia.eu\/wp-content\/uploads\/2022\/09\/zarzadzenie-11-2022-powrot-do-szkoly.docx\" class=\"wp-block-file__button wp-element-button\" download aria-describedby=\"wp-block-file--media-032fab4e-c635-4437-a3b1-94b7ddd33a52\">Pobierz<\/a><\/div>\n\n\n\n<div class=\"wp-block-file\"><a id=\"wp-block-file--media-90ba8e0c-4f5a-404d-ba85-5549e1e85bcc\" href=\"https:\/\/psplubienia.eu\/wp-content\/uploads\/2022\/09\/zarzadzenie-12-2022-komisje-konkursowe.docx\">zarzadzenie-12-2022-komisje-konkursowe<\/a><a href=\"https:\/\/psplubienia.eu\/wp-content\/uploads\/2022\/09\/zarzadzenie-12-2022-komisje-konkursowe.docx\" class=\"wp-block-file__button wp-element-button\" download aria-describedby=\"wp-block-file--media-90ba8e0c-4f5a-404d-ba85-5549e1e85bcc\">Pobierz<\/a><\/div>\n\n\n\n<div class=\"wp-block-file\"><a id=\"wp-block-file--media-e9b896a7-34ed-43bd-84ea-132a65b7bcac\" href=\"https:\/\/psplubienia.eu\/wp-content\/uploads\/2022\/09\/zarzadzenie-13-2022-regulamin-swietlicy.docx\">zarzadzenie-13-2022-regulamin-swietlicy<\/a><a href=\"https:\/\/psplubienia.eu\/wp-content\/uploads\/2022\/09\/zarzadzenie-13-2022-regulamin-swietlicy.docx\" class=\"wp-block-file__button wp-element-button\" download aria-describedby=\"wp-block-file--media-e9b896a7-34ed-43bd-84ea-132a65b7bcac\">Pobierz<\/a><\/div>\n\n\n\n<div class=\"wp-block-file\"><a id=\"wp-block-file--media-98229614-38fe-4f2a-a965-89a553c1a4f4\" href=\"https:\/\/psplubienia.eu\/wp-content\/uploads\/2022\/09\/zarzadzenie-14-2022-komisja-rekrutacyjna.docx\">zarzadzenie-14-2022-komisja-rekrutacyjna<\/a><a href=\"https:\/\/psplubienia.eu\/wp-content\/uploads\/2022\/09\/zarzadzenie-14-2022-komisja-rekrutacyjna.docx\" class=\"wp-block-file__button wp-element-button\" download aria-describedby=\"wp-block-file--media-98229614-38fe-4f2a-a965-89a553c1a4f4\">Pobierz<\/a><\/div>\n\n\n\n<div class=\"wp-block-file\"><a id=\"wp-block-file--media-addb6b32-6948-410b-af6e-e5eee7405545\" href=\"https:\/\/psplubienia.eu\/wp-content\/uploads\/2022\/09\/zarzadzenie-16-2022-regulamin-stypendium-szkolne-.docx\">zarzadzenie-16-2022-regulamin-stypendium-szkolne-<\/a><a href=\"https:\/\/psplubienia.eu\/wp-content\/uploads\/2022\/09\/zarzadzenie-16-2022-regulamin-stypendium-szkolne-.docx\" class=\"wp-block-file__button wp-element-button\" download aria-describedby=\"wp-block-file--media-addb6b32-6948-410b-af6e-e5eee7405545\">Pobierz<\/a><\/div>\n\n\n\n<div class=\"wp-block-file\"><a id=\"wp-block-file--media-a154a6a2-7b8c-4815-9705-d35cc45f9480\" href=\"https:\/\/psplubienia.eu\/wp-content\/uploads\/2022\/09\/zarzadzenie-17-2022-komisja-stypendialna.docx\">zarzadzenie-17-2022-komisja-stypendialna<\/a><a href=\"https:\/\/psplubienia.eu\/wp-content\/uploads\/2022\/09\/zarzadzenie-17-2022-komisja-stypendialna.docx\" class=\"wp-block-file__button wp-element-button\" download aria-describedby=\"wp-block-file--media-a154a6a2-7b8c-4815-9705-d35cc45f9480\">Pobierz<\/a><\/div>\n\n\n\n<div class=\"wp-block-file\"><a id=\"wp-block-file--media-871a1129-245e-4dff-bf46-4d80b86fe0f2\" href=\"https:\/\/psplubienia.eu\/wp-content\/uploads\/2022\/09\/zarzadzenie-18-2022-BHP-przed-rozpocz.-roku-szkol..docx\">zarzadzenie-18-2022-BHP-przed-rozpocz.-roku-szkol.<\/a><a href=\"https:\/\/psplubienia.eu\/wp-content\/uploads\/2022\/09\/zarzadzenie-18-2022-BHP-przed-rozpocz.-roku-szkol..docx\" class=\"wp-block-file__button wp-element-button\" download aria-describedby=\"wp-block-file--media-871a1129-245e-4dff-bf46-4d80b86fe0f2\">Pobierz<\/a><\/div>\n\n\n\n<div class=\"wp-block-file\"><a id=\"wp-block-file--media-eae8132e-7aa2-4b35-8e1f-b5af72849f93\" href=\"https:\/\/psplubienia.eu\/wp-content\/uploads\/2022\/09\/zarzadzenie-19-2022-komisja-powypadkowa.docx\">zarzadzenie-19-2022-komisja-powypadkowa<\/a><a href=\"https:\/\/psplubienia.eu\/wp-content\/uploads\/2022\/09\/zarzadzenie-19-2022-komisja-powypadkowa.docx\" class=\"wp-block-file__button wp-element-button\" download aria-describedby=\"wp-block-file--media-eae8132e-7aa2-4b35-8e1f-b5af72849f93\">Pobierz<\/a><\/div>\n","protected":false},"excerpt":{"rendered":"<p>Zarz\u0105dzenie nr 5\/2021 Pobierz Zarz\u0105dzenie nr 6\/2021 Pobierz Regulamin dziennika elektronicznego Pobierz Zarz\u0105dzenie nr 7\/2021 Pobierz Za\u0142\u0105czniki do: procedury rekrutacji dzieci do Zespo\u0142u Szkolno- Przedszkolnego w Lubieni<\/p>\n","protected":false},"author":2,"featured_media":0,"parent":0,"menu_order":4,"comment_status":"closed","ping_status":"closed","template":"","meta":{"footnotes":""},"class_list":["post-31","page","type-page","status-publish","hentry"],"_links":{"self":[{"href":"https:\/\/psplubienia.eu\/index.php?rest_route=\/wp\/v2\/pages\/31","targetHints":{"allow":["GET"]}}],"collection":[{"href":"https:\/\/psplubienia.eu\/index.php?rest_route=\/wp\/v2\/pages"}],"about":[{"href":"https:\/\/psplubienia.eu\/index.php?rest_route=\/wp\/v2\/types\/page"}],"author":[{"embeddable":true,"href":"https:\/\/psplubienia.eu\/index.php?rest_route=\/wp\/v2\/users\/2"}],"replies":[{"embeddable":true,"href":"https:\/\/psplubienia.eu\/index.php?rest_route=%2Fwp%2Fv2%2Fcomments&post=31"}],"version-history":[{"count":22,"href":"https:\/\/psplubienia.eu\/index.php?rest_route=\/wp\/v2\/pages\/31\/revisions"}],"predecessor-version":[{"id":1995,"href":"https:\/\/psplubienia.eu\/index.php?rest_route=\/wp\/v2\/pages\/31\/revisions\/1995"}],"wp:attachment":[{"href":"https:\/\/psplubienia.eu\/index.php?rest_route=%2Fwp%2Fv2%2Fmedia&parent=31"}],"curies":[{"name":"wp","href":"https:\/\/api.w.org\/{rel}","templated":true}]}}