{"id":6,"date":"2021-10-26T06:17:11","date_gmt":"2021-10-26T06:17:11","guid":{"rendered":"https:\/\/psplubienia.eu\/?page_id=6"},"modified":"2022-10-06T04:29:51","modified_gmt":"2022-10-06T04:29:51","slug":"grono","status":"publish","type":"page","link":"https:\/\/psplubienia.eu\/?page_id=6","title":{"rendered":"Grono"},"content":{"rendered":"\n<h5 class=\"has-medium-font-size wp-block-heading\"><strong>Grono Pedagogiczne szko\u0142y w Lubieni<\/strong><\/h5>\n\n\n\n<div class=\"wp-block-group\"><div class=\"wp-block-group__inner-container is-layout-flow wp-block-group-is-layout-flow\">\n<p>Dyrektor:     mgr Iwona Frolovs<\/p>\n\n\n\n<p><\/p>\n\n\n\n<h2 class=\"wp-block-heading\"><\/h2>\n\n\n\n<p><\/p>\n\n\n\n<p>mgr Agnieszka Lotko<\/p>\n\n\n\n<p>mgr Tomasz Soba\u0144ski<\/p>\n\n\n\n<p>mgr Beata Kutera<\/p>\n\n\n\n<p>mgr Marzena Wi\u015bniewska<\/p>\n\n\n\n<p>mgr Jolanta Lipa<\/p>\n\n\n\n<p>mgr Katarzyna Doroszy\u0144ska<\/p>\n\n\n\n<p>mgr Katarzyna Zaj\u0105c<\/p>\n\n\n\n<p>mgr Irmina Stachuczy- Kowalska<\/p>\n\n\n\n<p>mgr Zbigniew \u015aliwa<\/p>\n\n\n\n<p>mgr Iwona Rurarz<\/p>\n\n\n\n<p>mgr Paulina Duda<\/p>\n\n\n\n<p>mgr Ewa Drza\u0142a<\/p>\n\n\n\n<p>mgr S\u0142awomir Le\u015bniewski<\/p>\n\n\n\n<p>mgr Katarzyna Zawor<\/p>\n\n\n\n<p>mgr Justyna Ladyca <\/p>\n\n\n\n<p>mgr Anna Gorzelak <\/p>\n\n\n\n<p>mgr Renata W\u00f3jcik <\/p>\n\n\n\n<p>mgr Joanna Opi\u0142a <\/p>\n\n\n\n<p><\/p>\n\n\n\n<p><\/p>\n\n\n\n<p><\/p>\n\n\n\n<p><\/p>\n<\/div><\/div>\n","protected":false},"excerpt":{"rendered":"<p>Grono Pedagogiczne szko\u0142y w Lubieni Dyrektor: mgr Iwona Frolovs mgr Agnieszka Lotko mgr Tomasz Soba\u0144ski mgr Beata Kutera mgr Marzena Wi\u015bniewska mgr Jolanta Lipa mgr Katarzyna Doroszy\u0144ska mgr Katarzyna Zaj\u0105c mgr Irmina Stachuczy- Kowalska mgr Zbigniew \u015aliwa mgr Iwona Rurarz mgr Paulina Duda mgr Ewa Drza\u0142a mgr S\u0142awomir Le\u015bniewski mgr Katarzyna Zawor mgr Justyna Ladyca [&hellip;]<\/p>\n","protected":false},"author":2,"featured_media":0,"parent":0,"menu_order":6,"comment_status":"closed","ping_status":"closed","template":"","meta":{"footnotes":""},"class_list":["post-6","page","type-page","status-publish","hentry"],"_links":{"self":[{"href":"https:\/\/psplubienia.eu\/index.php?rest_route=\/wp\/v2\/pages\/6","targetHints":{"allow":["GET"]}}],"collection":[{"href":"https:\/\/psplubienia.eu\/index.php?rest_route=\/wp\/v2\/pages"}],"about":[{"href":"https:\/\/psplubienia.eu\/index.php?rest_route=\/wp\/v2\/types\/page"}],"author":[{"embeddable":true,"href":"https:\/\/psplubienia.eu\/index.php?rest_route=\/wp\/v2\/users\/2"}],"replies":[{"embeddable":true,"href":"https:\/\/psplubienia.eu\/index.php?rest_route=%2Fwp%2Fv2%2Fcomments&post=6"}],"version-history":[{"count":25,"href":"https:\/\/psplubienia.eu\/index.php?rest_route=\/wp\/v2\/pages\/6\/revisions"}],"predecessor-version":[{"id":1528,"href":"https:\/\/psplubienia.eu\/index.php?rest_route=\/wp\/v2\/pages\/6\/revisions\/1528"}],"wp:attachment":[{"href":"https:\/\/psplubienia.eu\/index.php?rest_route=%2Fwp%2Fv2%2Fmedia&parent=6"}],"curies":[{"name":"wp","href":"https:\/\/api.w.org\/{rel}","templated":true}]}}